?
15
Calculate 2 + 0 + -18 + (225 - 215) + 25.
19
(1 - 1) + (25 - 15) + -18
-8
(17 - 5) + (-4 + 0 - 2)
6
Calculate -2 - (-30 + 11 + 11) - -7.
13
What is 8 - (33 + -14) - (7 - 35)?
17
What is 3 + 2 + (-1 - -2 - (-1 + 2))?
5
Evaluate 7 - (12 - (-1 + (2 - -4))).
0
What is the value of -21 + (-1 - (34 - 35))?
-21
What is the value of -1 + 21 - (-2 - 5 - (64 - 73))?
18
7 + -1 + (1 + 1 - 2)
6
Evaluate 32 - 33 - (-3 - 0) - 5.
-3
Evaluate (-7 - (-1 - 0)) + (7 - (2 - -5)).
-6
Calculate (32 - (-40 - -38)) + -23.
11
23 - 22 - (19 + -2)
-16
What is the value of 110 + -87 - (2 + 3 + 4)?
14
What is 2 - (-9 + -27 - -40)?
-2
Evaluate -1 - 28 - (-31 - 4).
6
What is the value of -4 + (0 - -6) + 19 + -37?
-16
Calculate -60 - (-3 - 26) - (-2 - 3).
-26
Evaluate -27 - ((-15 - 39) + 12).
15
Evaluate -10 - (24 + -8) - -5.
-21
Evaluate 9 - (11 - 0 - (-58 + 50)).
-10
Evaluate 24 - (-35 + 38) - (1 - -5).
15
Evaluate -1 + -9 - (-425 - -436).
-21
What is the value of -3 - (-8 - (-18 + -6 + 16))?
-3
Evaluate 2 + -8 - (5 + -2 + (-8 - 19)).
18
What is the value of -5 - (-12 + (1 - 0))?
6
Calculate -34 - -68 - 32 - (7 - 1).
-4
(-4 - 0) + (-197 - -199) - -21
19
Calculate -2 + -2 - (-4 - (-1 + (-8 - -14))).
5
What is (17 - 15) + (2 - 4)?
0
-14 + 31 + (-5 - 3)
9
Calculate (-5 - -35 - 57) + 12.
-15
Evaluate 2 + -10 + (-32 - -7 - -44).
11
Evaluate 8 + -1 - 0 - (-375 - -377).
5
-4 - ((9 - -1 - 16) + -8 + 4)
6
What is 28 - (33 - -25) - (-7 - -1 - -1)?
-25
Calculate -2 + -34 - (-60 + (4 - -43)).
-23
Calculate 24 + (-4 + (-1 - -6) - 8).
17
-15 + 9 + -3 - (-15 + 15)
-9
What is -3 - -2 - (3 - (4 + 0 + 3))?
3
What is the value of (-42 - -31) + -16 + 1?
-26
(12 + -1 - -1) + (-104 - -98)
6
Evaluate 43 + -40 + -5 + (1 - 5).
-6
What is the value of -3 + (-98 - -110) + (0 + 4 - -1)?
14
What is the value of -3 + 6 + (0 - 0 - 3)?
0
Calculate -153 - -156 - (-2 - -2 - 5).
8
10 + (-19 + 11 - (0 - 3))
5
What is the value of (17 - 5) + -5 + -20?
-13
Evaluate 8 + -42 + 26 - (-9 - 2 - -1).
2
What is the value of (56 + 4 - 21) + -33?
6
Evaluate (-1 - 19) + 822 + -808.
-6
What is the value of 19 - -1 - (-7 + 23 + -5)?
9
(24 - 64 - -29) + (3 - 0)
-8
Evaluate 0 + (-4 - -2) + -16 + 21 + 13.
16
Calculate -4 - (-25 + 23 + -27).
25
Calculate 6 - -2 - (-13 + 15 - 6).
12
-77 + 79 + (0 - (-4 + -2)) + 14
22
-39 + 33 + (-1 + 7 - 2)
-2
What is the value of -5 + (-225 + 232 - (0 + 0))?
2
Evaluate (-17 - (-21 - -32)) + 49.
21
What is the value of 0 + 4 - (1 - (3 - 18) - 13)?
1
Evaluate -11 - (-27 + (7 - 0)).
9
0 - (-3 - (10 + -5 + -4 - 2))
2
What is -3 + 2 + 6 + -15 + 5?
-5
What is 24 + (30 - 11) + -76?
-33
What is the value of -11 + 17 + (5 - 7) + -2?
2
Calculate -1 + -20 + (2 - -11 - (1 + 11)).
-20
What is the value of 8 - 3 - (9 - 5 - 0) - 9?
-8
-1 + -6 + 0 + 0 + -1 + 1
-7
What is (-5 - 7) + 6 - -14?
8
What is 0 + (-18 - 3) + 13 + 16?
8
What is the value of (-19 - -40 - 10) + 0 + 1?
12
What is the value of (0 - -6) + 0 - (18 + 10 + -21)?
-1
What is (86 - 48) + -23 + -9?
6
Evaluate 0 + -28 + (-33 - -49).
-12
What is the value of 0 + (11 - (-8 + 2 + (6 - -6)))?
5
7 + -8 + 4 + (9 - 9)
3
What is the value of 11 + -19 + 11 - (0 - (4 + 0))?
7
Calculate 23 + -17 + -1 + -12 + (2 - 1).
-6
Evaluate -3 + -4 + 8 + -5 - -7.
3
-13 + (8 + -8 - 4) + 10
-7
Evaluate (0 - 2) + 9 + 0 - -4.
11
What is -28 + -31 + 39 - 3?
-23
(-24 - -22) + -1 + -6 + -9 + 4
-14
What is -6 + 13 + (3 - (7 + -3) - 16)?
-10
What is the value of -4 + 0 - (6 + -10) - 3 - -12?
9
What is the value of -14 + 11 + (-9 - 7) + -2 + 14?
-7
What is the value of (-20 + 16 - (1 + 1)) + 2 + 5?
1
Evaluate 18 - -7 - (10 + 4).
11
What is -3 + 4 + (-1 - 1)?
-1
What is the value of (-27 - (-41 + 14)) + -24?
-24
Evaluate -9 + -1 + (12 - 3) - 2.
-3
What is (3 - (23 - 11 - 8)) + 5?
4
-9 + 4 + 6 + 14
15
0 + 2 + (-4 - 8) + 2 + -9
-17
6 + -10 + 0 - (-12 + (6 - 13))
15
Calculate 4 + (7 - (1 + 10)) + 18.
18
What is (-5 - -5) + -31 + 17?
-14
What is the value of -2 - 47 - (-691 + 636)?
6
What is -1 + 1 - (80 - 78)?
-2
(-3 - 0 - 5) + 5 - (3 + 0)
-6
What is the value of 6 + 27 + -16 - 0?
17
What is 2 + (15 - 29) + -1 + (0 - -2)?
-11
What is (-12 - -19) + 0 - 13?
-6
What is (19 - -1) + (-5 - (-4 - -1)) + -4?
14
Evaluate -1 + -9 + 177 + -179.
-12
What is -12 + 6 + -6 + 4 + -7 + 10?
-5
What is (8 + 4 + 8 - 10) + 0 + 1?
11
What is the value of -27 + (-22 - 8 - -35)?
-22
50 + -18 + -2 + (-5 - -1)
26
What is -5 + (17 - 7) + (-6 - -8)?
7
Calculate -6 + -1 - (7 - 5 - 8 - 4).
3
Calculate (0 - (18 + -40)) + -41.
-19
What is -3 + 23 + 4 + (5 - (-1 + -2))?
32
-10 + 8 + (-5 - (-1 - (5 + -5)))
-6
Calculate 8 + 18 + -83 - -20.
-37
14 + (-5 - (12 - 18))
15
What is 19 + (4 - 39) - -10?
-6
What is (-73 - (-29 + 11)) + 30?
-25
What is 18 + 18 + -32 + -5?
-1
What is -16 - ((14 + -7 - 20) + -19)?
16
What is the value of 19 - (5 + 14) - -11?
11
Calculate 2 + 11 + 65 + 4 + -83.
-1
Calculate -64 + 67 + (11 - (2 + 1 - 2)).
13
Evaluate 9 + -1 + 15 + -16 + 4.
11
Calculate 1 - (-18 + (3 - 11)).
27
What is 0 - (-9 + 5 - -10) - (11 + 1)?
-18
(2 - (10 + -3)) + -5 + 9 - 34
-35
What is the value of 255 - 271 - (6 + -1 + 0)?
-21
What is -35 - -59 - (20 + -1)?
5
What is the value of 12 + -2 - (16 - 11)?
5
(374 - 379) + (-3 - ((3 - 0) + -6))
-5
What is the value of (7 - 3) + (-3 - (-7 + 5) - 2)?
1
Calculate -19 - (15 - (21 - -6)).
-7
Calculate (9 - 14 - -9) + 10.
14
Evaluate 25 + 19 + (-37 - -15).
22
Evaluate 18 + -33 + (-37 - -37).
-15
Evaluate 9 + (1 - (-16 + 15)) + (2 - 16).
-3
41 - ((0 - -27) + (-19 - -4))
29
Evaluate -25 + 0 - -4 - -11.
-10
What is (0 - (1 + 0 + -2)) + 686 + -659?
28
What is -10 - (-5 + 11 - 8 - 16) - 42?
-34
Calculate (14 - 21) + 7 + 9 + (15 - 2).
22
What is the value of -38 - -33 - (0 + (1 - 0 - -2))?
-8
Evaluate -4 + (-3 - (-7 + 9)) + (-2 - 0).
-11
Evaluate 8 + -5 + -4 + 2 + 3 + -3.
1
What is 2 - ((-18 - -4) + 4 + 6)?
6
What is (-1 + 5 - -5) + 6 + -8 + -17?
-10
Calculate (-8 - -5) + -2 + (-2 - (-9 + -5)).
7
What is the value of 16 - ((-5 - -17) + (1 - 4))?
7
Calculate -14 - (-2 + -4) - (5 - (-5 - -6)).
-12
What is 42 - (1 + -1 - -6) - (23 + -17)?
30
What is -7 - (9 + (-24 - -10))?
-2
478 + -497 + 1 + -1
-19
Calculate 23 + -5 + -8 - 5.
5
Calculate -19 - ((11 - 9) + -13).
-8
Calculate (22 - 13) + 3 + -27.
-15
Calculate 3 + -2 + (2 - -5) + -18.
-10
What is 3 - 37 - ((-7 - (-4 - -9)) + 8)?
-30
What is the value of 2 - 7 - (-2 + -2) - (27 - 22)?
-6
8 - ((8 + 0 - 5) + -8)
13
Evaluate (3 + 1 - (-8 + (20 - 8))) + 2.
2
Calculate (-47 + 45 - (-6 + 2 + -1)) + 1.
4
Calculate (1 - 1 - -3) + 15 + (-29 - -38).
27
5 - 6 - -21 - 3
17
Calculate (4 - (0 - -5)) + -3 + (-5 - 1).
-10
What is (21 - 19) + (-6 - (-7 + 9))?
-6
Evaluate 97 + -94 + 13 + -6 + 2.
12
What is (-20 - -38) + -29 + 0 + 41?
30
What is (-1 - (1 + -12)) + -9 + -45 + 54?
10
What is the value of 30 - 27 - (1 - 11) - (2 + 0)?
11
What is the value of -20 + 17 + 1 + -15?
-17
Evaluate -22 + 26 + 5 - (8 - 3 - 0).
4
8 + 3 + 2 + -10 + -8
-5
1 - (-3 - -2) - 4 - (-23 + 39)
-18
What is the value of 0 - 35 - (15 + (10 + 5 - 35))?
-30
Evaluate 7 - (-5 - 29) - 41.
0
What is the value of 7 - 1 - -2 - (1 - 1) - -6?
14
What is the value of (-66 - -52) + (4 - (-1 - 0)) + 2?
-7
-4 - (-1 + -4 + 2 + -11 + 1)
9
12 - ((12 - 37) + 21)
16
-383 + 411 + -14 + 2
16
What is (-1 - 22) + (28 - 32 - (2 + 2))?
-31
What is the value of 2 + (-6 - -11 - 14) + -8?
-15
Evaluate 4 - 4 - ((-10 + 10 - -32) + -10).
-22
(10 - (8 - -4)) + -12 + -19
-33
What is the value of (37 - 7) + -43 + -2?
-15
What is the value of (-17 + 12 + 6 - -11) + 16?
28
Calculate -3 - 0 - 0 - (-5 + -21 - -2).
21
Evaluate -36 + 25 + (2 - 10) + -2.
-21
Evaluate 10 - (0 + -13 - (-157 - -124)).
-10
Calculate 46 + -59 - (-9 + 3).
-7
What is 38 - 21 - (11 + -4)?
10
What is 30 + (18 - 9) + -26?
13
What is the value of -5 - -3 - -20 - 7 - 0?
11
What is the value of 25 + -29 + -13 + -1 + 7?
-11
Calculate 0 - 2 - (-78 + 88) - 12.
-24
Evaluate (0 - -2) + -3 - (-15 + 40 + -17).
-9
What is -6 + -11 + 16 + (-9 - 2)?
-12
Evaluate (0 - -27) + 1434 + -1488.
-27
What is the value of 12 + -22 - ((-7 - -2) + -3 + 16)?
-18
Calculate (0 + -7 - (-8 + -12 + 11)) + 7.
9
What is the value of -1 + -2 + 17 + (5 + -19 - -17)?
17
Evaluate -27 - (8 + -61 - -19).
7
What is (-42 - -46) + 1 + 6?
11
Evaluate -5 - (-304 + 311 + 4 + 1).
-17
What is 